at is the hundreds digit of o?
5
Let y = 220 + -206. What is the tens digit of y?
1
Let a = 9 + -5. Suppose -l = -k - 54, -11 - 9 = a*k. Suppose 2*o - o - l = 0. What is the units digit of o?
9
Suppose -2*p - 3*s - 2*s = -1426, -3*p = -2*s - 2139. What is the units digit of p?
3
Suppose -33790 = -26*u + 63008. What is the thousands digit of u?
3
Suppose 0 = 100*q - 85*q - 3480. What is the tens digit of q?
3
Suppose -5*t + 238 + 19 = 2*s, -10 = -2*t. Let w = s + -66. What is the units digit of w?
0
Let n be 1/4*-2*-4. Suppose 5 = w - 5*k, -2*w + 25 = 3*w - k. Suppose y - 3*b - 22 = -2*b, 0 = -w*y + n*b + 125. What is the units digit of y?
7
Let r = -14 + 103. Let j = r - 12. What is the units digit of j?
7
Suppose 2*b - 3*b = 0. Suppose b*f + m = -5*f - 1, -3*m = -12. What is the tens digit of 35 - f - 6/2?
3
Suppose a - 327 = 846. What is the thousands digit of a?
1
What is the units digit of 336/48*226/14?
3
Let w(u) = -7*u - 13. Let z be w(6). Let b = z + 99. What is the units digit of b?
4
Let h(z) = 24*z**3 - 5*z**2 + 2*z + 3. Let b be h(3). Suppose -8*i = -2*i - b. Suppose -2*u + 0*u = -i. What is the tens digit of u?
5
Let k = 165 - -687. What is the hundreds digit of k?
8
Suppose -94 - 40 = -2*y. Suppose 4*n - n + 2*g - y = 0, n + 5*g = 31. What is the units digit of n?
1
Let k = 12 - -5. Let t = k - 3. What is the tens digit of t?
1
Suppose 12*s - 16165 = 7*s - 3*x, -4*x = -2*s + 6466. What is the hundreds digit of s?
2
Let m(i) = i**2 - 22*i + 17. Let q be m(26). Let g = q + -54. What is the units digit of g?
7
Let a(p) = -2*p**2 - 97*p - 4. What is the tens digit of a(-20)?
3
Let r = 3 - -6. Let i(k) = k**3 - 8*k**2 - 5*k - 6. Let s be i(r). Let b = s - 27. What is the units digit of b?
3
Suppose 4*n = 5*r + 443, 5*n - 6*r + 4*r - 558 = 0. What is the hundreds digit of n?
1
Suppose -4*s + 4834 = 3*g, 3*s + 4*g + 590 - 4212 = 0. What is the hundreds digit of s?
2
Let z(g) be the third derivative of g**5/60 + 7*g**4/24 - 5*g**3/6 + 7*g**2. Let c be (6/4)/((-3)/18). What is the tens digit of z(c)?
1
Suppose 35 - 156 = -11*m. Suppose -m*d = -3*d - 240. What is the units digit of d?
0
Suppose -5*b + 12 = -2*b. Suppose 184 = 5*c + 3*s, 0 = -b*c - 3*s + 125 + 24. Suppose -72 = -4*w - 4*v, -3*v + c = w + 9. What is the units digit of w?
4
Suppose 72*n - 75*n + 9036 = 3*x, -3*n = 4*x - 12051. What is the units digit of x?
5
Suppose -2*o = 2*a - 4*o - 2, 5*o - 10 = 2*a. Suppose -a*x + 706 = 126. Suppose -4*c + 0*c + x = 0. What is the tens digit of c?
2
Let t be 438/4 - (-30)/(-20). Let j = 16 + t. What is the hundreds digit of j?
1
Let z(r) = r**2 - 2*r - 14. Let u be z(6). Let x be (-3 + u)/((-2)/10). Let k = x - -66. What is the tens digit of k?
3
What is the units digit of 165/25*(-20)/(-6) + -4?
8
Let f = 13715 + -8147. What is the units digit of f?
8
Let y(c) = -c**2 + 12*c - 11. Let p be y(6). Let m = 29 + p. What is the units digit of m?
4
Suppose 5*o - 40 = -2*z, -3*o = -4*z + o + 80. Suppose 10*w - z = 5*w. Suppose -2*r - 44 = -w*r. What is the tens digit of r?
2
Suppose 0 = -4*y - o + 165, -210 = -5*y - 3*o + o. Let f = y + 21. What is the units digit of f?
1
Let d(o) = -o + 1. Let j(z) = -5*z**2 - z - 6. Let b(c) = -6*d(c) - j(c). What is the units digit of b(6)?
2
Suppose 3*b - n + 1 = -5*n, 0 = -n - 4. Let t(j) = j**2 + 3*j - 7. Let a be t(-6). Let q = a - b. What is the units digit of q?
6
Let t = -63 - -9. Let r = 114 + t. What is the units digit of ((-26)/5)/((-24)/r)?
3
Suppose 0 = -2*d + 6*d - 2*b - 24, 3*d - 5*b - 32 = 0. Suppose 4*k - 8 = 0, -5*y - d*k + 167 = -161. What is the units digit of y?
4
What is the units digit of 61 + 1 + (-3)/(-1) + -1?
4
Let g(x) = 5*x + 49. Let p be g(-7). Suppose -8*a + p*a = 1398. What is the hundreds digit of a?
2
Let v = 132 - 48. Suppose 2*c = -p - 0*p + 174, c + 2*p - v = 0. What is the units digit of c?
8
Let k(w) = -7*w**3 - 2*w + 2. Let j(z) = -z**3 - z**2 + z. Let p(h) = 2*j(h) - k(h). What is the units digit of p(2)?
8
Let z be (0 - -2) + 1 + 0. Suppose -4*c = -3*q - q - 148, -5*c + z*q = -179. What is the tens digit of c?
3
Suppose 1201 = 5*y - 2374. What is the units digit of y?
5
Let f = 9 - 15. What is the units digit of (-16)/f*(-957)/(-44)?
8
What is the hundreds digit of 14/8 - (-34741)/196?
1
Let t = 11 + -9. Suppose 5*w - 1 = -4*l + 18, 10 = t*w + 4*l. Suppose f + w*f + 3*g - 52 = 0, -3*f - g + 44 = 0. What is the units digit of f?
6
Suppose 0*q + 3*q = 0. Suppose h + q = 37. What is the tens digit of h?
3
Let r(q) = -9*q**2 - 2*q - 3. Let x(m) = m**2. Let p(j) = -r(j) - 5*x(j). What is the units digit of p(-5)?
3
Let g be (-3 + 39)/4 - 4. Suppose 4*k + 68 = g*k - 5*t, 0 = 5*k + 3*t - 312. What is the units digit of k?
3
Let f = -117 - -545. What is the units digit of f?
8
Let i(d) = d - 1. Let o(n) = 6*n + 1. Let k(r) = -4*i(r) + o(r). Let t be k(5). Suppose a - t - 16 = 0. What is the tens digit of a?
3
What is the hundreds digit of (-1)/(2/(-1490)) + 280/(-56)?
7
Suppose -2*q = 2*c - 22 + 352, -3*q + 2*c = 495. What is the units digit of q/(-4) - (-6)/8?
2
What is the tens digit of 148/(-185) + (-23138)/(-10)?
1
Suppose -1015 = -2*j - 4*y + 413, 2871 = 4*j + 3*y. Suppose -3*u - 1200 = -5*n + u, -3*n + 2*u + j = 0. What is the units digit of n/18 - (-2)/3?
4
Let n(m) = -9*m**2 + 166*m + 21. What is the units digit of n(18)?
3
Let z(q) = -3*q**2 - 3*q + 1. Let m be z(1). What is the units digit of (12 - 2)/(m/(-30))?
0
Let b be ((-3)/6*-2)/(3/519). Suppose -169*p + b*p = 556. What is the hundreds digit of p?
1
Suppose -2*a + 5105 = 5*m, 4*m + 16*a = 20*a + 4084. What is the thousands digit of m?
1
Suppose 3*v = -3, -612 = -2*x - 4*v + 928. What is the hundreds digit of x?
7
What is the hundreds digit of ((-6536)/(-14))/(((-4)/(-14))/1)?
6
Let f(u) = -u**3 - 14*u**2 - 2*u - 19. Let j be f(-14). Suppose 3*d + 0 - j = 0. Suppose 259 = 4*x + d*x. What is the tens digit of x?
3
Suppose 2*z - 2345 = -3*z. Let p = z - 295. What is the units digit of p?
4
Suppose -s = 7*s - 40. Suppose s*l - 144 = -l. What is the tens digit of l?
2
What is the hundreds digit of (-84)/(-24)*(2 - (2 - 80))?
2
Let z = -3367 + 5975. What is the tens digit of z?
0
Let w = 11 + -9. Let c = w + 5. Let u(q) = 3*q + 4. What is the units digit of u(c)?
5
What is the hundreds digit of (1632/(-5) - 0)/(51/(-255))?
6
Suppose 5*u + 10001 = 4*z, 0 = 2*z - 0*u - 5*u - 5013. What is the thousands digit of z?
2
Let w(f) = -f**3 - 5*f**2 - f - 5. Let l be w(-5). Suppose -3*g + l*g + 192 = 0. What is the units digit of 1/3*(g + 2)?
2
Let q = 5980 - 3501. What is the units digit of q?
9
Suppose -4*l - l + 2*g = -440, -110 = -l - 4*g. What is the tens digit of (60/l)/((-4)/(-378) + 0)?
6
Let y = -7 + 12. Suppose -312 = y*o - 1152. What is the hundreds digit of o?
1
Suppose -1880 = 689*k - 694*k. What is the hundreds digit of k?
3
Let r(o) = 3*o**2 - 8*o + 209. What is the units digit of r(12)?
5
Let r be (-11108)/(-60) + (-4)/30. Suppose -2*c - 3*c + r = 0. What is the units digit of c?
7
Suppose 2*b - 5*k = 7*b + 30, 0 = 2*b - 4*k + 42. Let r = b - -6. Let z = r + 19. What is the tens digit of z?
1
Let y(s) = -274*s**2 - 3*s + 2. Let z be y(1). Let c = -172 - z. What is the hundreds digit of c?
1
Let f be 4/(-3)*90/(-20). Let i be (f - 0) + -3 - -5. Suppose -200 = -12*x + i*x. What is the tens digit of x?
5
Let v = 6 - -1. Suppose -v = 3*u + 5*z, 2*u + 2*u - 4*z + 52 = 0. Let o(q) = q**3 + 10*q**2 + 4*q - 4. What is the tens digit of o(u)?
4
Suppose -13*k + 10*k + 6 = 0. Suppose -5*f = l - 27 - 62, -f = -k*l - 9. Let m = 30 - f. What is the tens digit of m?
1
Let m(o) = 3*o**2 - 5*o - 4. Let l be m(3). What is the units digit of l/(-28) - (-1266)/21?
0
Suppose 5*r - 18 = -4*b - 0*b, -4*r + b = -6. Suppose c = r*h + 226, 4*c - 900 = 8*h - 4*h. What is the tens digit of c?
2
Suppose 87*h - 124*h = -121138. What is the tens digit of h?
7
Let a(m) = -m**2 - 6*m + 9. Let y be a(-7). Suppose 2*s = -y*s - 308. What is the units digit of 112/11 - (-14)/s?
0
Suppose -3*k + 4*g + 409 = 0, 4*g - g - 537 = -4*k. What is the units digit of -1 + (-1 + k - (-3 - -5))?
1
Let z(r) = -57*r**3 - 6*r**2 - 12*r - 7. What is the tens digit of z(-3)?
1
Let w(o) = 5*o**2 + 23*o - 30. Let k be w(-6). Let i be 56/((-2)/(-2)) - -1. Let l